{"id":1121,"date":"2020-06-10T16:37:01","date_gmt":"2020-06-10T16:37:01","guid":{"rendered":"http:\/\/antequeraformacion.es\/fp\/?page_id=1121"},"modified":"2020-06-10T16:37:01","modified_gmt":"2020-06-10T16:37:01","slug":"taller-de-verano-2020-ofimatica-y-ordenografia","status":"publish","type":"page","link":"https:\/\/antequeraformacion.es\/fp\/taller-de-verano-2020-ofimatica-y-ordenografia\/","title":{"rendered":"Taller de Verano 2020 Ofim\u00e1tica y Ordenograf\u00eda"},"content":{"rendered":" <p> Como cada <strong><em>Verano<\/em><\/strong>, tenemos preparados para nuestros alumnos m\u00e1s j\u00f3venes talleres de iniciaci\u00f3n a la <strong><em>Ofim\u00e1tica<\/em><\/strong> y <strong><em>Ordenograf\u00eda<\/em><\/strong>, donde aprenden todas las t\u00e9cnicas b\u00e1sicas del manejo del ordenador y de los programas inform\u00e1ticos m\u00e1s utilizados en las escuelas e institutos. <\/p> \n <p> Las sesiones son de <strong><em><u>Lunes<\/u><\/em><\/strong> a <strong><em><u>jueves<\/u><\/em><\/strong> durante las fechas se\u00f1aladas. Sesiones de 2 horas de duraci\u00f3n. de 10 de la ma\u00f1ana a 12. <\/p> \n <p> PLAZAS LIMITADAS <\/p> \n <p> <strong><em><u>Sesi\u00f3n 1: Ordenograf\u00eda. <\/u><\/em><\/strong> <\/p> \n <p> Los cursos de ordenograf\u00eda se estructuran por niveles de acceso (cursos de nivel inicial para alumnos\/as que empiezan de cero; para nivel medio o para nivel avanzado); <\/p> \n <p> <strong><em><u>Sesi\u00f3n 2: Ofim\u00e1tica.<\/u><\/em><\/strong> <\/p> \n <p> Clases pr\u00e1cticas para aprender y mejorar el uso de la aplicaci\u00f3n ofim\u00e1tica Word\/Powerpoint. El alumno\/a recibir\u00e1 clases e instrucciones para desarrollar y usar de manera pr\u00e1ctica todas las herramientas del programa. <\/p> \n <p> <a href=\"https:\/\/antequeraformacion.es\/fp\/wp-content\/uploads\/2020\/06\/Copia-de-Centro-Examinador-Linguaskill-de-Cambridge1.png\"><img loading=\"lazy\" class=\"alignnone size-large wp-image-1122\" src=\"https:\/\/antequeraformacion.es\/fp\/wp-content\/uploads\/2020\/06\/Copia-de-Centro-Examinador-Linguaskill-de-Cambridge1-724x1024.png\" alt=\"\" width=\"724\" height=\"1024\" srcset=\"https:\/\/antequeraformacion.es\/fp\/wp-content\/uploads\/2020\/06\/Copia-de-Centro-Examinador-Linguaskill-de-Cambridge1-724x1024.png 724w, https:\/\/antequeraformacion.es\/fp\/wp-content\/uploads\/2020\/06\/Copia-de-Centro-Examinador-Linguaskill-de-Cambridge1-212x300.png 212w, https:\/\/antequeraformacion.es\/fp\/wp-content\/uploads\/2020\/06\/Copia-de-Centro-Examinador-Linguaskill-de-Cambridge1-768x1086.png 768w, https:\/\/antequeraformacion.es\/fp\/wp-content\/uploads\/2020\/06\/Copia-de-Centro-Examinador-Linguaskill-de-Cambridge1-1086x1536.png 1086w, https:\/\/antequeraformacion.es\/fp\/wp-content\/uploads\/2020\/06\/Copia-de-Centro-Examinador-Linguaskill-de-Cambridge1-1448x2048.png 1448w, https:\/\/antequeraformacion.es\/fp\/wp-content\/uploads\/2020\/06\/Copia-de-Centro-Examinador-Linguaskill-de-Cambridge1.png 1587w\" sizes=\"(max-width: 724px) 100vw, 724px\" \/><\/a> <\/p> \n <p> &nbsp; <\/p> \n","protected":false},"excerpt":{"rendered":" <p> Como cada Verano, tenemos preparados para nuestros alumnos m\u00e1s j\u00f3venes talleres de iniciaci\u00f3n a la Ofim\u00e1tica y Ordenograf\u00eda, donde aprenden[&#8230;] <\/p> \n","protected":false},"author":1,"featured_media":0,"parent":0,"menu_order":0,"comment_status":"closed","ping_status":"closed","template":"","meta":[],"_links":{"self":[{"href":"https:\/\/antequeraformacion.es\/fp\/wp-json\/wp\/v2\/pages\/1121"}],"collection":[{"href":"https:\/\/antequeraformacion.es\/fp\/wp-json\/wp\/v2\/pages"}],"about":[{"href":"https:\/\/antequeraformacion.es\/fp\/wp-json\/wp\/v2\/types\/page"}],"author":[{"embeddable":true,"href":"https:\/\/antequeraformacion.es\/fp\/wp-json\/wp\/v2\/users\/1"}],"replies":[{"embeddable":true,"href":"https:\/\/antequeraformacion.es\/fp\/wp-json\/wp\/v2\/comments?post=1121"}],"version-history":[{"count":1,"href":"https:\/\/antequeraformacion.es\/fp\/wp-json\/wp\/v2\/pages\/1121\/revisions"}],"predecessor-version":[{"id":1123,"href":"https:\/\/antequeraformacion.es\/fp\/wp-json\/wp\/v2\/pages\/1121\/revisions\/1123"}],"wp:attachment":[{"href":"https:\/\/antequeraformacion.es\/fp\/wp-json\/wp\/v2\/media?parent=1121"}],"curies":[{"name":"wp","href":"https:\/\/api.w.org\/{rel}","templated":true}]}}

Taller de Verano 2020 Ofimática y Ordenografía

<p> Como cada <strong><em>Verano</em></strong>, tenemos preparados para nuestros alumnos más jóvenes talleres de iniciación a la <strong><em>Ofimática</em></strong> y <strong><em>Ordenografía</em></strong>, donde aprenden todas las técnicas básicas del manejo del ordenador y de los programas informáticos más utilizados en las escuelas e institutos. </p> 
 <p> Las sesiones son de <strong><em><u>Lunes</u></em></strong> a <strong><em><u>jueves</u></em></strong> durante las fechas señaladas. Sesiones de 2 horas de duración. de 10 de la mañana a 12. </p> 
 <p> PLAZAS LIMITADAS </p> 
 <p> <strong><em><u>Sesión 1: Ordenografía. </u></em></strong> </p> 
 <p> Los cursos de ordenografía se estructuran por niveles de acceso (cursos de nivel inicial para alumnos/as que empiezan de cero; para nivel medio o para nivel avanzado); </p> 
 <p> <strong><em><u>Sesión 2: Ofimática.</u></em></strong> </p> 
 <p> Clases prácticas para aprender y mejorar el uso de la aplicación ofimática Word/Powerpoint. El alumno/a recibirá clases e instrucciones para desarrollar y usar de manera práctica todas las herramientas del programa. </p> 
 <p> <a href="https://antequeraformacion.es/fp/wp-content/uploads/2020/06/Copia-de-Centro-Examinador-Linguaskill-de-Cambridge1.png"><img loading="lazy" class="alignnone size-large wp-image-1122" src="https://antequeraformacion.es/fp/wp-content/uploads/2020/06/Copia-de-Centro-Examinador-Linguaskill-de-Cambridge1-724x1024.png" alt="" width="724" height="1024" srcset="https://antequeraformacion.es/fp/wp-content/uploads/2020/06/Copia-de-Centro-Examinador-Linguaskill-de-Cambridge1-724x1024.png 724w, https://antequeraformacion.es/fp/wp-content/uploads/2020/06/Copia-de-Centro-Examinador-Linguaskill-de-Cambridge1-212x300.png 212w, https://antequeraformacion.es/fp/wp-content/uploads/2020/06/Copia-de-Centro-Examinador-Linguaskill-de-Cambridge1-768x1086.png 768w, https://antequeraformacion.es/fp/wp-content/uploads/2020/06/Copia-de-Centro-Examinador-Linguaskill-de-Cambridge1-1086x1536.png 1086w, https://antequeraformacion.es/fp/wp-content/uploads/2020/06/Copia-de-Centro-Examinador-Linguaskill-de-Cambridge1-1448x2048.png 1448w, https://antequeraformacion.es/fp/wp-content/uploads/2020/06/Copia-de-Centro-Examinador-Linguaskill-de-Cambridge1.png 1587w" sizes="(max-width: 724px) 100vw, 724px" /></a> </p> 
 <p> &nbsp; </p>

<p> Como cada Verano, tenemos preparados para nuestros alumnos más jóvenes talleres de iniciación a la Ofimática y Ordenografía, donde aprenden[&#8230;] </p>
